{"id":2,"date":"2025-09-18T10:46:04","date_gmt":"2025-09-18T13:46:04","guid":{"rendered":"http:\/\/afazenda17.com.br\/?page_id=2"},"modified":"2025-09-18T15:35:23","modified_gmt":"2025-09-18T18:35:23","slug":"pagina-exemplo","status":"publish","type":"page","link":"https:\/\/afazenda17.com.br\/?page_id=2","title":{"rendered":"Pol\u00edtica de Privacidade"},"content":{"rendered":"\n<p>Pol\u00edtica de Privacidade<\/p>\n\n\n\n<p>\u00c9 importante esclarecer que dados pessoais s\u00e3o considerados como: todas as informa\u00e7\u00f5es que possam ser utilizadas para identificar alguma pessoa. Estes dados, podem ser considerados sens\u00edveis, tais como: convic\u00e7\u00e3o religiosa, sa\u00fade ou \u00e0 vida sexual, origem racial ou \u00e9tnica, opini\u00e3o pol\u00edtica, dado gen\u00e9tico ou biom\u00e9trico, filia\u00e7\u00e3o a sindicato ou a organiza\u00e7\u00e3o de car\u00e1ter religioso, filos\u00f3fico ou pol\u00edtico.<\/p>\n\n\n\n<h3 class=\"wp-block-heading\">SE\u00c7\u00c3O I &#8211; INFORMA\u00c7\u00d5ES GERAIS<\/h3>\n\n\n\n<p>Nesta <strong>pol\u00edtica de privacidade<\/strong> ser\u00e1 informado a maneira que ocorre o tratamento dos dados pessoais das pessoas que acessam o site www.AFAZENDA17 informando assim, de forma transparente quais s\u00e3o os dados, qual o intuito da coleta e a maneira que os visitantes podem controlar ou deletar suas informa\u00e7\u00f5es.<\/p>\n\n\n\n<p>Este texto foi criado de acordo com a lei de Prote\u00e7\u00e3o de Dados Pessoais (Lei \/18), o Marco Civil da Internet (Lei 12.965 \/14) e tamb\u00e9m o Regulamento da UE n. 2016\/6790. Vale ressaltar que, este texto poder\u00e1 sofrer altera\u00e7\u00f5es por conta de eventuais atualiza\u00e7\u00f5es normativas.<\/p>\n\n\n\n<p>Informamos que toda e qualquer informa\u00e7\u00e3o pessoal coletada por por nosso website www.AFAZENDA17 ser\u00e1 utilizada para melhorar a sua experi\u00eancia ao navegar em nosso website, visando desta maneira que sua visita se torne mais vantajosa e assertiva.<\/p>\n\n\n\n<p>A confidencialidade das informa\u00e7\u00f5es pessoais dos usu\u00e1rios do site www.AFAZENDA17 \u00e9 de suma import\u00e2ncia para nossa equipe, por este motivo, buscamos otimizar continuamente todos os processos internos, utilizando o <a href=\"https:\/\/politicaprivacidade.com.br\/\" target=\"_blank\" rel=\"noreferrer noopener\">gerador de politica de privacidade<\/a> de forma clara, para mante-los em seguran\u00e7a e de acordo com todas as normas impostas.<\/p>\n\n\n\n<h3 class=\"wp-block-heading\">SE\u00c7\u00c3O II &#8211; COLETA DOS DADOS<\/h3>\n\n\n\n<p>Os dados pessoais dos visitantes podem ser coletados quando:<\/p>\n\n\n\n<p><strong>II.I<\/strong> &#8211; O indiv\u00edduo realiza a cria\u00e7\u00e3o de um cadastro no site www.AFAZENDA17 e com base nisso podem ser solicitados dados como: email, nome, cidade, telefone, etc.<\/p>\n\n\n\n<p><strong>II.II<\/strong> &#8211; O indiv\u00edduo navega nas p\u00e1ginas de nosso site www.AFAZENDA17 e neste caso, podem ser coletados dados como: palavras-chaves de origem do buscador, coment\u00e1rios, navegador utilizado, IP da rede, etc.<\/p>\n\n\n\n<p><strong>II.III<\/strong> &#8211; Por meio de terceiros, tais como: Google e\/ou Facebook, sendo que, no momento de logar em um destes sites \u00e9 autorizado diretamente pelo terceiro.<\/p>\n\n\n\n<p>No caso de envio de newsletters ou at\u00e9 mesmo envio de avisos por e-mail os cookies podem ser utilizados para direcionar um conte\u00fado mais adequado ao usu\u00e1rio final, com o intuito de melhorar a experi\u00eancia de quem est\u00e1 lendo o e-mail, vale ressaltar que cada provedor de email possui suas diretrizes, como por exemplo ao acessar o site do <a href=\"https:\/\/www.agenciacorreios.com.br\">agencia dos correios<\/a> voc\u00ea dever\u00e1 respeitar suas devidas pol\u00edticas.<\/p>\n\n\n\n<h3 class=\"wp-block-heading\">SE\u00c7\u00c3O III &#8211; ACEITE<\/h3>\n\n\n\n<p>A partir do momento da utiliza\u00e7\u00e3o do website www.AFAZENDA17 pressup\u00f5e que o usu\u00e1rio aceitou a <strong>pol\u00edtica de privacidade.<\/strong> Desta forma reservamos ao direito de modificar esta pol\u00edtica sem que seja realizado um aviso pr\u00e9vio. Por este motivo, n\u00f3s recomendamos que os usu\u00e1rios realizem uma consulta regularmente a nossa pol\u00edtica, para que desta forma, se mantenham sempre atualizados de poss\u00edveis altera\u00e7\u00f5es, caso seja necess\u00e1rio \u00e9 poss\u00edvel entrar em contato atrav\u00e9s de nosso e-mail: afazenda17@hotmail.com informando suas d\u00favidas.<\/p>\n\n\n\n<p>O desenvolvedor poder\u00e1 coletar informa\u00e7\u00f5es pessoais do usu\u00e1rio que acessa o site, tais como nome, e-mail, n\u00famero de telefone fixo e\/ou celular, endere\u00e7o, data de nascimento, ip e\/ou outros dados. Na grande maioria das vezes, esses dados s\u00e3o utilizados para ativar a fun\u00e7\u00e3o de geotarget (exibir determinados conte\u00fados de acordo com a localiza\u00e7\u00e3o) e tamb\u00e9m filtrando por tipo de usu\u00e1rio (analisando a necessidade de cada um).<\/p>\n\n\n\n<h3 class=\"wp-block-heading\">SE\u00c7\u00c3O IV &#8211; VINCULO A SITES EXTERNOS<\/h3>\n\n\n\n<p>O site www.AFAZENDA17 pode conter vinculo com sites externos, estes que podem possuir ferramentas e\/ou informa\u00e7\u00f5es proveitosas para os usu\u00e1rios. Esta <strong>pol\u00edtica de privacidade<\/strong> n\u00e3o \u00e9 empregada aos sites externos, se for do interesse do usu\u00e1rio, o mesmo dever\u00e1 acessar a <strong>pol\u00edtica de privacidade<\/strong> do site em quest\u00e3o para ter conhecimento dos detalhes.<\/p>\n\n\n\n<h3 class=\"wp-block-heading\">COOKIES E WEB BEACONS<\/h3>\n\n\n\n<p>O site usa cookies com o objetivo de armazenar informa\u00e7\u00f5es, como por exemplo, as prefer\u00eancias do publico que acessa um determinado site, esses cookies podem ser coletados por meio de um mero popup ou at\u00e9 mesmo uma integra\u00e7\u00e3o com demais servi\u00e7os.<\/p>\n\n\n\n<p>Voc\u00ea como usu\u00e1rio do website www.AFAZENDA17 possui a total autonomia de desativar os cookies, basta acessar a configura\u00e7\u00e3o do seu navegador de prefer\u00eancia e realizar a modifica\u00e7\u00e3o, ou caso tenha, poder\u00e1 utilizar um antivirus que fa\u00e7a essa configura\u00e7\u00e3o diretamente. Vale ressaltar que, essa modifica\u00e7\u00e3o poder\u00e1 influenciar em como voc\u00ea navega em nosso site e em outros sites. Este fato ocorre, porque determinas programa\u00e7\u00f5es necessitam da utiliza\u00e7\u00e3o de cookies para funcionarem corretamente, tais como os sites que necessitem de login em determinada \u00e1rea restrita.<\/p>\n\n\n\n<p>As empresas que anunciam em nosso website, tamb\u00e9m podem possuir um sistema que recolhe os cookies e ou web beacons, sempre com o intuito de exibir melhores publicidades, ofertas e produtos para o usu\u00e1rio final. Tornando assim, a publicidade mais assertiva e eficiente para ambas as partes.<\/p>\n\n\n\n<h2 class=\"wp-block-heading\">COOKIE DOUBLECLICK DART<\/h2>\n\n\n\n<p>O Google faz uso de cookies DART em nosso site, a utiliza\u00e7\u00e3o deles \u00e9 importante para que a empresa possa exibir an\u00fancios para o usu\u00e1rio levando em conta outros sites que a pessoa navegou anteriormente na internet, vale destacar que os usu\u00e1rios podem realizar a desativa\u00e7\u00e3o de tais cookies acessando diretamente a <strong>pol\u00edtica de privacidade<\/strong> do Google.<\/p>\n\n\n\n<h3 class=\"wp-block-heading\">OS AN\u00daNCIOS<\/h3>\n\n\n\n<p>Visando o pagamento de custos de manuten\u00e7\u00e3o do site, s\u00e3o exibidos an\u00fancios em nosso site, durante a exibi\u00e7\u00e3o destes \u00e9 coletado algumas informa\u00e7\u00f5es, tais como: IP, ISP , Browser, Tempo de perman\u00eancia.<\/p>\n\n\n\n<h3 class=\"wp-block-heading\">AN\u00c1LISE DE DADOS<\/h3>\n\n\n\n<p>A nossa empresa utiliza o servi\u00e7o do Google Analytics para mensurar, calcular e analisar todo o tr\u00e1fego que recebe no site www.AFAZENDA17 esta ferramenta coleta e processa os dados de acordo com a sua pr\u00f3pria pol\u00edtica, partindo do pressuposto da aceita\u00e7\u00e3o do usu\u00e1rio final, a pol\u00edtica est\u00e1 dispon\u00edvel nos links abaixo:<\/p>\n\n\n\n<ul class=\"wp-block-list\">\n<li>https:\/\/www.google.com\/intl\/pt-BR\/policies\/privacy\/partners\/<\/li>\n\n\n\n<li>https:\/\/policies.google.com\/privacy<\/li>\n\n\n\n<li>https:\/\/policies.google.com\/terms<\/li>\n<\/ul>\n\n\n\n<p>Vale ressaltar que no caso do Google ou Parceiros deste, utilizarem os dados coletados, a responsabilidade \u00e9 \u00fanica e exclusiva destes, desta forma o site www.AFAZENDA17 se isenta de qualquer responsabilidade por consequ\u00eancia do uso dos dados.<\/p>\n\n\n\n<h3 class=\"wp-block-heading\">ATUALIZA\u00c7\u00c3O<\/h3>\n\n\n\n<p>Essa <strong>politica de privacidade<\/strong> obteve sua \u00faltima atualiza\u00e7\u00e3o na data de 18\/09\/2025, podendo ser modificada a qualquer momento, sem aviso pr\u00e9vio.<\/p>\n\n\n\n<figure class=\"wp-block-image\"><a href=\"https:\/\/www.contador-gratis.com\/\"><img decoding=\"async\" src=\"https:\/\/contador-gratis.com\/contadores-de-visitas\/180925033309860.gif\" alt=\"Contador de visitas\"\/><\/a><figcaption class=\"wp-element-caption\"><a href=\"https:\/\/www.contador-gratis.com\/\">Contador de Visitas<\/a><\/figcaption><\/figure>\n\n\n\n<p>o seu conte\u00fado. Divirta-se!<\/p>\n","protected":false},"excerpt":{"rendered":"<p>Pol\u00edtica de Privacidade \u00c9 importante esclarecer que dados pessoais s\u00e3o considerados como: todas as informa\u00e7\u00f5es que possam ser utilizadas para identificar alguma pessoa. Estes dados, podem ser considerados sens\u00edveis, tais como: convic\u00e7\u00e3o religiosa, sa\u00fade ou \u00e0 vida sexual, origem racial ou \u00e9tnica, opini\u00e3o pol\u00edtica, dado gen\u00e9tico ou biom\u00e9trico, filia\u00e7\u00e3o a sindicato ou a organiza\u00e7\u00e3o de [&hellip;]<\/p>\n","protected":false},"author":1,"featured_media":0,"parent":0,"menu_order":0,"comment_status":"closed","ping_status":"open","template":"","meta":{"footnotes":""},"class_list":["post-2","page","type-page","status-publish","hentry"],"yoast_head":"<!-- This site is optimized with the Yoast SEO plugin v26.8 - https:\/\/yoast.com\/product\/yoast-seo-wordpress\/ -->\n<title>Pol\u00edtica de Privacidade -<\/title>\n<meta name=\"robots\" content=\"index, follow, max-snippet:-1, max-image-preview:large, max-video-preview:-1\" \/>\n<link rel=\"canonical\" href=\"https:\/\/afazenda17.com.br\/?page_id=2\" \/>\n<meta property=\"og:locale\" content=\"pt_BR\" \/>\n<meta property=\"og:type\" content=\"article\" \/>\n<meta property=\"og:title\" content=\"Pol\u00edtica de Privacidade -\" \/>\n<meta property=\"og:description\" content=\"Pol\u00edtica de Privacidade \u00c9 importante esclarecer que dados pessoais s\u00e3o considerados como: todas as informa\u00e7\u00f5es que possam ser utilizadas para identificar alguma pessoa. Estes dados, podem ser considerados sens\u00edveis, tais como: convic\u00e7\u00e3o religiosa, sa\u00fade ou \u00e0 vida sexual, origem racial ou \u00e9tnica, opini\u00e3o pol\u00edtica, dado gen\u00e9tico ou biom\u00e9trico, filia\u00e7\u00e3o a sindicato ou a organiza\u00e7\u00e3o de [&hellip;]\" \/>\n<meta property=\"og:url\" content=\"https:\/\/afazenda17.com.br\/?page_id=2\" \/>\n<meta property=\"article:modified_time\" content=\"2025-09-18T18:35:23+00:00\" \/>\n<meta property=\"og:image\" content=\"https:\/\/contador-gratis.com\/contadores-de-visitas\/180925033309860.gif\" \/>\n<meta name=\"twitter:card\" content=\"summary_large_image\" \/>\n<meta name=\"twitter:label1\" content=\"Est. tempo de leitura\" \/>\n\t<meta name=\"twitter:data1\" content=\"6 minutos\" \/>\n<script type=\"application\/ld+json\" class=\"yoast-schema-graph\">{\"@context\":\"https:\/\/schema.org\",\"@graph\":[{\"@type\":\"WebPage\",\"@id\":\"https:\/\/afazenda17.com.br\/?page_id=2\",\"url\":\"https:\/\/afazenda17.com.br\/?page_id=2\",\"name\":\"Pol\u00edtica de Privacidade -\",\"isPartOf\":{\"@id\":\"http:\/\/afazenda17.com.br\/#website\"},\"primaryImageOfPage\":{\"@id\":\"https:\/\/afazenda17.com.br\/?page_id=2#primaryimage\"},\"image\":{\"@id\":\"https:\/\/afazenda17.com.br\/?page_id=2#primaryimage\"},\"thumbnailUrl\":\"https:\/\/contador-gratis.com\/contadores-de-visitas\/180925033309860.gif\",\"datePublished\":\"2025-09-18T13:46:04+00:00\",\"dateModified\":\"2025-09-18T18:35:23+00:00\",\"breadcrumb\":{\"@id\":\"https:\/\/afazenda17.com.br\/?page_id=2#breadcrumb\"},\"inLanguage\":\"pt-BR\",\"potentialAction\":[{\"@type\":\"ReadAction\",\"target\":[\"https:\/\/afazenda17.com.br\/?page_id=2\"]}]},{\"@type\":\"ImageObject\",\"inLanguage\":\"pt-BR\",\"@id\":\"https:\/\/afazenda17.com.br\/?page_id=2#primaryimage\",\"url\":\"https:\/\/contador-gratis.com\/contadores-de-visitas\/180925033309860.gif\",\"contentUrl\":\"https:\/\/contador-gratis.com\/contadores-de-visitas\/180925033309860.gif\"},{\"@type\":\"BreadcrumbList\",\"@id\":\"https:\/\/afazenda17.com.br\/?page_id=2#breadcrumb\",\"itemListElement\":[{\"@type\":\"ListItem\",\"position\":1,\"name\":\"In\u00edcio\",\"item\":\"http:\/\/afazenda17.com.br\/\"},{\"@type\":\"ListItem\",\"position\":2,\"name\":\"Pol\u00edtica de Privacidade\"}]},{\"@type\":\"WebSite\",\"@id\":\"http:\/\/afazenda17.com.br\/#website\",\"url\":\"http:\/\/afazenda17.com.br\/\",\"name\":\"Afazenda17\",\"description\":\"\",\"publisher\":{\"@id\":\"http:\/\/afazenda17.com.br\/#organization\"},\"potentialAction\":[{\"@type\":\"SearchAction\",\"target\":{\"@type\":\"EntryPoint\",\"urlTemplate\":\"http:\/\/afazenda17.com.br\/?s={search_term_string}\"},\"query-input\":{\"@type\":\"PropertyValueSpecification\",\"valueRequired\":true,\"valueName\":\"search_term_string\"}}],\"inLanguage\":\"pt-BR\"},{\"@type\":\"Organization\",\"@id\":\"http:\/\/afazenda17.com.br\/#organization\",\"name\":\"Afazenda17\",\"url\":\"http:\/\/afazenda17.com.br\/\",\"logo\":{\"@type\":\"ImageObject\",\"inLanguage\":\"pt-BR\",\"@id\":\"http:\/\/afazenda17.com.br\/#\/schema\/logo\/image\/\",\"url\":\"http:\/\/afazenda17.com.br\/wp-content\/uploads\/2025\/09\/1-scaled.jpg\",\"contentUrl\":\"http:\/\/afazenda17.com.br\/wp-content\/uploads\/2025\/09\/1-scaled.jpg\",\"width\":2560,\"height\":267,\"caption\":\"Afazenda17\"},\"image\":{\"@id\":\"http:\/\/afazenda17.com.br\/#\/schema\/logo\/image\/\"}}]}<\/script>\n<!-- \/ Yoast SEO plugin. -->","yoast_head_json":{"title":"Pol\u00edtica de Privacidade -","robots":{"index":"index","follow":"follow","max-snippet":"max-snippet:-1","max-image-preview":"max-image-preview:large","max-video-preview":"max-video-preview:-1"},"canonical":"https:\/\/afazenda17.com.br\/?page_id=2","og_locale":"pt_BR","og_type":"article","og_title":"Pol\u00edtica de Privacidade -","og_description":"Pol\u00edtica de Privacidade \u00c9 importante esclarecer que dados pessoais s\u00e3o considerados como: todas as informa\u00e7\u00f5es que possam ser utilizadas para identificar alguma pessoa. Estes dados, podem ser considerados sens\u00edveis, tais como: convic\u00e7\u00e3o religiosa, sa\u00fade ou \u00e0 vida sexual, origem racial ou \u00e9tnica, opini\u00e3o pol\u00edtica, dado gen\u00e9tico ou biom\u00e9trico, filia\u00e7\u00e3o a sindicato ou a organiza\u00e7\u00e3o de [&hellip;]","og_url":"https:\/\/afazenda17.com.br\/?page_id=2","article_modified_time":"2025-09-18T18:35:23+00:00","og_image":[{"url":"https:\/\/contador-gratis.com\/contadores-de-visitas\/180925033309860.gif","type":"","width":"","height":""}],"twitter_card":"summary_large_image","twitter_misc":{"Est. tempo de leitura":"6 minutos"},"schema":{"@context":"https:\/\/schema.org","@graph":[{"@type":"WebPage","@id":"https:\/\/afazenda17.com.br\/?page_id=2","url":"https:\/\/afazenda17.com.br\/?page_id=2","name":"Pol\u00edtica de Privacidade -","isPartOf":{"@id":"http:\/\/afazenda17.com.br\/#website"},"primaryImageOfPage":{"@id":"https:\/\/afazenda17.com.br\/?page_id=2#primaryimage"},"image":{"@id":"https:\/\/afazenda17.com.br\/?page_id=2#primaryimage"},"thumbnailUrl":"https:\/\/contador-gratis.com\/contadores-de-visitas\/180925033309860.gif","datePublished":"2025-09-18T13:46:04+00:00","dateModified":"2025-09-18T18:35:23+00:00","breadcrumb":{"@id":"https:\/\/afazenda17.com.br\/?page_id=2#breadcrumb"},"inLanguage":"pt-BR","potentialAction":[{"@type":"ReadAction","target":["https:\/\/afazenda17.com.br\/?page_id=2"]}]},{"@type":"ImageObject","inLanguage":"pt-BR","@id":"https:\/\/afazenda17.com.br\/?page_id=2#primaryimage","url":"https:\/\/contador-gratis.com\/contadores-de-visitas\/180925033309860.gif","contentUrl":"https:\/\/contador-gratis.com\/contadores-de-visitas\/180925033309860.gif"},{"@type":"BreadcrumbList","@id":"https:\/\/afazenda17.com.br\/?page_id=2#breadcrumb","itemListElement":[{"@type":"ListItem","position":1,"name":"In\u00edcio","item":"http:\/\/afazenda17.com.br\/"},{"@type":"ListItem","position":2,"name":"Pol\u00edtica de Privacidade"}]},{"@type":"WebSite","@id":"http:\/\/afazenda17.com.br\/#website","url":"http:\/\/afazenda17.com.br\/","name":"Afazenda17","description":"","publisher":{"@id":"http:\/\/afazenda17.com.br\/#organization"},"potentialAction":[{"@type":"SearchAction","target":{"@type":"EntryPoint","urlTemplate":"http:\/\/afazenda17.com.br\/?s={search_term_string}"},"query-input":{"@type":"PropertyValueSpecification","valueRequired":true,"valueName":"search_term_string"}}],"inLanguage":"pt-BR"},{"@type":"Organization","@id":"http:\/\/afazenda17.com.br\/#organization","name":"Afazenda17","url":"http:\/\/afazenda17.com.br\/","logo":{"@type":"ImageObject","inLanguage":"pt-BR","@id":"http:\/\/afazenda17.com.br\/#\/schema\/logo\/image\/","url":"http:\/\/afazenda17.com.br\/wp-content\/uploads\/2025\/09\/1-scaled.jpg","contentUrl":"http:\/\/afazenda17.com.br\/wp-content\/uploads\/2025\/09\/1-scaled.jpg","width":2560,"height":267,"caption":"Afazenda17"},"image":{"@id":"http:\/\/afazenda17.com.br\/#\/schema\/logo\/image\/"}}]}},"_links":{"self":[{"href":"https:\/\/afazenda17.com.br\/index.php?rest_route=\/wp\/v2\/pages\/2","targetHints":{"allow":["GET"]}}],"collection":[{"href":"https:\/\/afazenda17.com.br\/index.php?rest_route=\/wp\/v2\/pages"}],"about":[{"href":"https:\/\/afazenda17.com.br\/index.php?rest_route=\/wp\/v2\/types\/page"}],"author":[{"embeddable":true,"href":"https:\/\/afazenda17.com.br\/index.php?rest_route=\/wp\/v2\/users\/1"}],"replies":[{"embeddable":true,"href":"https:\/\/afazenda17.com.br\/index.php?rest_route=%2Fwp%2Fv2%2Fcomments&post=2"}],"version-history":[{"count":1,"href":"https:\/\/afazenda17.com.br\/index.php?rest_route=\/wp\/v2\/pages\/2\/revisions"}],"predecessor-version":[{"id":12,"href":"https:\/\/afazenda17.com.br\/index.php?rest_route=\/wp\/v2\/pages\/2\/revisions\/12"}],"wp:attachment":[{"href":"https:\/\/afazenda17.com.br\/index.php?rest_route=%2Fwp%2Fv2%2Fmedia&parent=2"}],"curies":[{"name":"wp","href":"https:\/\/api.w.org\/{rel}","templated":true}]}}